ons digit of 976941841?
6
What is the tens digit of 6132810?
1
What is the units digit of 30875809?
9
What is the millions digit of 23757116?
3
What is the hundreds digit of 3771474907?
9
What is the tens digit of 60092119?
1
What is the units digit of 1844206591?
1
What is the hundred thousands digit of 45111768?
1
What is the ten millions digit of 165120526?
6
What is the tens digit of 900745548?
4
What is the tens digit of 2360518532?
3
What is the billions digit of 2789956380?
2
What is the hundred thousands digit of 288912697?
9
What is the ten thousands digit of 418923851?
2
What is the thousands digit of 131636538?
6
What is the ten millions digit of 14236445?
1
What is the millions digit of 51681510?
1
What is the millions digit of 149685264?
9
What is the thousands digit of 307791048?
1
What is the tens digit of 353403971?
7
What is the units digit of 498010212?
2
What is the hundred thousands digit of 616327228?
3
What is the hundreds digit of 19449035?
0
What is the tens digit of 28168720?
2
What is the hundred thousands digit of 5579741294?
7
What is the hundred millions digit of 171779304?
1
What is the ten millions digit of 18866586?
1
What is the tens digit of 34970673?
7
What is the hundreds digit of 37691279?
2
What is the hundred millions digit of 375512160?
3
What is the ten millions digit of 30710118?
3
What is the ten millions digit of 103968677?
0
What is the hundred thousands digit of 532850943?
8
What is the thousands digit of 187031152?
1
What is the tens digit of 308010110?
1
What is the hundreds digit of 61280033?
0
What is the hundred thousands digit of 378927455?
9
What is the ten thousands digit of 578725823?
2
What is the tens digit of 304382703?
0
What is the hundred millions digit of 108158897?
1
What is the units digit of 2863657?
7
What is the thousands digit of 239049924?
9
What is the ten thousands digit of 68298351?
9
What is the millions digit of 86579694?
6
What is the ten thousands digit of 22969312?
6
What is the hundreds digit of 213422753?
7
What is the tens digit of 9145660?
6
What is the ten thousands digit of 3981448?
8
What is the ten thousands digit of 70827402?
2
What is the tens digit of 57519762?
6
What is the units digit of 3925281247?
7
What is the millions digit of 51355514?
1
What is the thousands digit of 14030156?
0
What is the tens digit of 88348277?
7
What is the hundreds digit of 106039458?
4
What is the tens digit of 493556844?
4
What is the hundred millions digit of 130792766?
1
What is the tens digit of 29158452?
5
What is the ten millions digit of 5757944799?
5
What is the ten thousands digit of 57564075?
6
What is the units digit of 705245327?
7
What is the billions digit of 1323656284?
1
What is the ten thousands digit of 8490803?
9
What is the ten thousands digit of 99532910?
3
What is the units digit of 1192838637?
7
What is the hundred thousands digit of 8548322?
5
What is the thousands digit of 2822094633?
4
What is the hundred thousands digit of 1784553257?
5
What is the hundred thousands digit of 47793484?
7
What is the millions digit of 1387400000?
7
What is the hundred thousands digit of 2241566079?
5
What is the hundred thousands digit of 69266713?
2
What is the hundred thousands digit of 67260273?
2
What is the ten millions digit of 20541937?
2
What is the ten millions digit of 87264828?
8
What is the ten thousands digit of 16415795?
1
What is the hundreds digit of 1906321998?
9
What is the thousands digit of 83677693?
7
What is the hundred thousands digit of 1877956317?
9
What is the ten thousands digit of 733143748?
4
What is the hundred thousands digit of 104955149?
9
What is the tens digit of 35729719?
1
What is the hundred thousands digit of 321918211?
9
What is the hundred thousands digit of 1270745315?
7
What is the units digit of 94192413?
3
What is the units digit of 142995965?
5
What is the billions digit of 1129807551?
1
What is the hundred thousands digit of 30630202?
6
What is the hundred thousands digit of 407178611?
1
What is the hundreds digit of 139106072?
0
What is the hundred millions digit of 6111199675?
1
What is the hundred thousands digit of 69906833?
9
What is the millions digit of 11740922?
1
What is the ten thousands digit of 472127912?
2
What is the tens digit of 6979662622?
2
What is the millions digit of 777865388?
7
What is the tens digit of 463892508?
0
What is the hundreds digit of 7243831?
8
What is the ten thousands digit of 95240321?
4
What is the hundred millions digit of 668879334?
6
What is the ten thousands digit of 4589777999?
7
What is the ten millions digit of 593612475?
9
What is the tens digit of 4238861400?
0
What is the ten thousands digit of 114056845?
5
What is the ten thousands digit of 131618239?
1
What is the hundred thousands digit of 23043984?
0
What is the ten millions digit of 1497531203?
9
What is the tens digit of 319825307?
0
What is the tens digit of 4871561723?
2
What is the millions digit of 407540656?
7
What is the millions digit of 755481840?
5
What is the tens digit of 183703986?
8
What is the ten millions digit of 106190258?
0
What is the millions digit of 74759815?
4
What is the units digit of 10585221?
1
What is the hundreds digit of 273343922?
9
What is the millions digit of 53274687?
3
What is the hundred millions digit of 146460090?
1
What is the millions digit of 18663844?
8
What is the hundred millions digit of 2861665564?
8
What is the ten millions digit of 44717406?
4
What is the millions digit of 365051535?
5
What is the tens digit of 66391729?
2
What is the units digit of 39713764?
4
What is the units digit of 235379178?
8
What is the hundreds digit of 386313553?
5
What is the units digit of 1005760499?
9
What is the ten millions digit of 391311702?
9
What is the hundred thousands digit of 50545794?
5
What is the tens digit of 202677131?
3
What is the hundred thousands digit of 45785430?
7
What is the ten millions digit of 279877827?
7
What is the units digit of 497662599?
9
What is the millions digit of 36019180?
6
What is the thousands digit of 298312443?
2
What is the tens digit of 4116816170?
7
What is the millions digit of 18012439?
8
What is the tens digit of 29693515?
1
What is the ten thousands digit of 315609152?
0
What is the units digit of 6476796914?
4
What is the hundred millions digit of 3723874455?
7
What is the units digit of 83338736?
6
What is the thousands digit of 133266353?
6
What is the tens digit of 61896708?
0
What is the thousands digit of 180149936?
9
What is the tens digit of 316937331?
3
What is the tens digit of 4875490506?
0
What is the thousands digit of 81332572?
2
What is the units digit of 907057305?
5
What is the hundreds digit of 961141401?
4
What is the millions digit of 3678998231?
8
What is the billions digit of 1036759725?
1
What is the tens digit of 6795546?
4
What is the ten millions digit of 2534633119?
3
What is the ten thousands digit of 4404847?
0
What is the millions digit of 94644927?
4
What is the hundreds digit of 1738564306?
3
What is the ten millions digit of 3495716136?
9
What is the millions digit of 67669724?
7
What is the hundred thousands digit of 4085547?
0
What is the thousands digit of 89219047?
9
What is the hundred millions digit of 3679023569?
6
What is the hundred millions digit of 1274280374?
2
What is the hundred thousands digit of 496484028?
4
What is the hundred millions digit of 1715194334?
7
What is the ten millions digit of 224849594?
2
What is the units digit of 350299361?
1
What is the hundred thousands digit of 9792660?
7
What is the thousands digit of 628859895?
9
What is the hundred millions digit of 1187011260?
1
What is the tens digit of 9722091?
9
What is the hundreds digit of 47778998?
9
What is the hundreds digit of 2012953?
9
What is the hundred millions digit of 369824242?
3
What is the units digit of 150089261?
1
What is the hundreds digit of 4923751?
7
What is the units digit of 41544347?
7
What is the ten thousands digit of 45841993?
4
What is the ten thousands digit of 265278406?
7
What is the ten thousands digit of 28803846?
0
What is the billions digit of 2255216278?
2
What is the hundred millions digit of 183459290?
1
What is the units digit of 5485088050?
0
What is the ten thousands digit of 1020166